of (348/48)/((-2)/v)?
29
Suppose 2049 = 5*k + u, 0 = 4*k + 8*u - 7*u - 1640. List the prime factors of k.
409
What are the prime factors of 72*(-46)/(-4) - -3?
3, 277
Let h(q) = -q**3 + 10*q**2 + 10*q + 3. Let t be h(9). Suppose x + o = 2*o + t, -3*x - 4*o = -508. List the prime factors of x.
2, 43
Let b = -88 - -277. List the prime factors of b.
3, 7
Let v = -84 + 138. What are the prime factors of (2/(-3))/((-3)/v)?
2, 3
Let f(v) = 3*v - 9. Let a = 18 - 13. Let p be f(a). What are the prime factors of 31 - ((p - 2) + -1)?
2, 7
Suppose 0 = 44*g - 46*g + 6. Let d(y) be the first derivative of y**4/4 + 2*y**3/3 - 5*y**2/2 + 4*y + 1. What are the prime factors of d(g)?
2, 17
Suppose 41 = 4*i + 9. Suppose -560 = 3*x - i*x. Suppose 0 = 2*q - j - 77, 297 = 5*q - 4*j + x. What are the prime factors of q?
41
Suppose -4*w - g + 972 = g, 5*w = -3*g + 1214. Let n = w - 144. List the prime factors of n.
2, 5
Suppose -3*o = -3*a, 4*o = -a - 4 + 24. Suppose -o*d - 1239 = -11*d. What are the prime factors of d?
3, 59
Let y be ((-2 + 3)*-2)/1. Let m(g) be the first derivative of -g**4/4 + g**3 + g**2 + 7. What are the prime factors of m(y)?
2
Suppose 2*y = 4*k - 0*y + 50, 5*y - 26 = k. Let t = 129 + k. What are the prime factors of t?
2, 59
Let t(h) = 2*h**2 + 2*h. Let x be t(-2). List the prime factors of x/(-2)*1 - -77.
3, 5
Suppose 0 = -2735*w + 2742*w - 21700. What are the prime factors of w?
2, 5, 31
Let m = 1188 - -753. What are the prime factors of m?
3, 647
Suppose -10*m + 15 + 5 = 0. Suppose 250 = -0*d + m*d. List the prime factors of d.
5
Let y(s) = -9*s + 5. Suppose 3*k + 5*u = 7, -u + 0*u - 9 = -2*k. Let a(t) = -8*t + 5. Let o(b) = k*y(b) - 5*a(b). List the prime factors of o(6).
19
Suppose -i + 5*i - 16 = 0. Let u(x) be the first derivative of 2*x**3/3 - 3*x**2/2 + 8*x - 1. List the prime factors of u(i).
2, 7
Suppose -2*j - 1215 = -12455. What are the prime factors of j?
2, 5, 281
Let p = 133 - 131. Let o(n) = 71*n**2 - 2*n - 5. What are the prime factors of o(p)?
5, 11
Let d(q) be the third derivative of 5*q**2 + 0*q + 1/20*q**5 + 7/24*q**4 + 0 + 1/3*q**3. What are the prime factors of d(-5)?
2, 3, 7
Suppose 12 = -2*v + 4*v. What are the prime factors of 7308/98 + v/14?
3, 5
Let f(h) = -h**3 + 9*h**2 - 6*h + 3. Let z be f(8). Suppose 2 + z = 3*u. Suppose u*r - 2*r = 45. List the prime factors of r.
3
Suppose 3*m - g = 4*m - 366, 4*m - 3*g = 1457. List the prime factors of m.
5, 73
Suppose p - 18 = 4*g, 0*g = 3*p - 2*g - 84. Suppose 3*n + 60 = 3*y - y, 0 = -y + 3*n + p. Let x = 5 + y. List the prime factors of x.
5, 7
Let r(d) = d - 59. Let m be r(0). Let z = m + 203. Suppose 0 = s + 8*p - 3*p - 36, -4*s = -p - z. List the prime factors of s.
2, 3
Suppose -51*m = -53*m + 1648. List the prime factors of m.
2, 103
Let g(w) = w + 13. Let m be g(-11). Suppose m*u = -u. Suppose 82 = 5*q + 3*y, u*y - 4*y + 2 = -q. List the prime factors of q.
2, 7
Suppose -87 + 95 = 4*v. What are the prime factors of ((-3)/9 + v)/(4/600)?
2, 5
Let c(z) = z**2 + z + 1. Let v(i) = 2*i**2 + 3*i + 6. Let y(s) = 3*c(s) - v(s). Let h be y(-4). Suppose -h + 53 = n. What are the prime factors of n?
2, 5
Suppose -22 = 5*n - 2. Suppose -2*o - o = 2*d + 104, 0 = 2*o + d + 68. List the prime factors of (o/(-24))/(n/(-102)).
2, 17
Let d(g) = g**2 - 9*g + 6. Let m be d(7). Let l(n) = -n**2 - 6*n - 3. Let z(r) = 1. Let x(q) = -l(q) - 3*z(q). What are the prime factors of x(m)?
2
Let x(c) = -c + 7. Let p be x(4). Let y be (-1 - -1)/(6/2). Suppose 5*s + p*z = 128, 3*s + z - 24 - 56 = y. What are the prime factors of s?
2, 7
Let b be -2*(6080/(-36) - 3/27). Let k = b + -7. What are the prime factors of k?
331
Let s = 3635 + -1508. List the prime factors of s.
3, 709
Let y(a) = 373*a**2 - 1. Let g be y(1). Suppose 0*k - 4*z = -4*k + g, 0 = 2*z. List the prime factors of k.
3, 31
Let g(x) = -12*x**3 + 5*x**2 + 2*x + 20. List the prime factors of g(-5).
3, 5, 109
What are the prime factors of (4 + 1 - -8)*(-2 + 31)?
13, 29
List the prime factors of 27672/36*(-6)/(-4).
1153
Let g = 29 + -22. Suppose -5*b - 2*n + 213 = 0, 5*b + n = g*b - 78. List the prime factors of b.
41
Let q = -14 - -16. Suppose 0 = z - 4 + q. Suppose -5*h = b - 136, 39 + 21 = z*h - b. List the prime factors of h.
2, 7
Let a = -205 - -295. Suppose -4*s - 588 = -4*y, -y - 3*s + a + 49 = 0. What are the prime factors of y?
5, 29
Let d(a) = -2*a - 4. Let r be d(-7). Let o be (r/35)/(2/14). Suppose o*w + 43 = 2*n - n, -4*n + 162 = -3*w. List the prime factors of n.
3, 13
Let v(c) = 19*c + 5. Let m(x) = -246*x - 66. Let t(q) = -2*m(q) - 27*v(q). List the prime factors of t(-2).
3, 13
Let f(m) = 174*m + 296. List the prime factors of f(5).
2, 11, 53
Suppose 0 = 3*q - v - 1, q + 2*v = -q + 14. Suppose 2*o - 5 = b, 2*b + q*b = -20. Suppose o = y - 12 - 48. List the prime factors of y.
2, 3, 5
What are the prime factors of 323 + -4 - (-2 + 3 + -1)?
11, 29
Let h be 1/(-3)*(-1 + -2). Let m = h - -25. List the prime factors of m.
2, 13
Let z be (70 - (3 + 2)) + 4. Suppose 0 = -4*q + z + 59. What are the prime factors of q?
2
Let u = 719 + -194. Suppose -u = -2*r - 3*r. List the prime factors of r.
3, 5, 7
Let h = -8 + 26. Suppose -23*d + h*d + 190 = 0. List the prime factors of d.
2, 19
Let h(t) = t**2 + 6. Suppose 0 = -y, 3*p + 4*y = -4 + 16. List the prime factors of h(p).
2, 11
Let r = 74 + -43. Let u(q) = -2*q - 1. Let b be u(1). Let m = r - b. What are the prime factors of m?
2, 17
Let q = -38 + 23. Let z = q + 17. Suppose z*l + 2*p - 38 = 0, 4*p - 11 - 21 = -2*l. List the prime factors of l.
2, 11
List the prime factors of (-2834)/(-4) + 5/10.
709
Suppose -3*d + 3*f = 3, 2*d + 0 = -3*f + 13. Suppose 0 = 4*s - 10 + d. Suppose -2*k = -r + 11, -s*r - 2*k + 9 = r. List the prime factors of r.
5
Suppose 6*a + 3160 - 10426 = 0. What are the prime factors of a?
7, 173
Let x = 26 + -45. Let n = x + 39. Suppose -3*p = 3*o - 66, -2*o + 3*p = -3*o + n. What are the prime factors of o?
23
Suppose -8*c = -10*c + 2902. List the prime factors of c.
1451
List the prime factors of 30/300 + (-44658)/(-20).
7, 11, 29
What are the prime factors of (12/16)/((-3)/(-720))?
2, 3, 5
Suppose 0 = -2*g + 3*g - 3. Let o(p) = p**3 + 4*p**2 - 4*p + 7. What are the prime factors of o(g)?
2, 29
Let i(t) = 50*t. Let a be i(2). Let x = 5 - 1. Suppose 240 - a = x*d. List the prime factors of d.
5, 7
Suppose 17*v = 7*v + 10. Let n(y) = 110*y - 5. What are the prime factors of n(v)?
3, 5, 7
Suppose t - 4*y = 0, -2*y - 39 = -4*t + y. Suppose 24 = -4*v + m, v - 3*v = -3*m + t. List the prime factors of v/(-8) + 264/32.
3
Suppose 4*y - 2*c = -3 + 19, 5*c + 16 = 4*y. Suppose k - y*n - 88 = 0, -3*k + 4*k - 5*n = 93. List the prime factors of k.
2, 17
Let n(q) = -7*q + 26. Let o(j) = 4*j - 13. Let b(x) = -3*n(x) - 5*o(x). Let h be b(-7). Let s = h + 34. What are the prime factors of s?
2, 7
Let q(o) = -7*o - 35. Let f be q(-21). List the prime factors of f + -14 - (1 - 2)*1.
3, 11
Suppose 20 = -7*u + 2*u. List the prime factors of (2/u)/(8/(-624)).
3, 13
Let j(q) = 4*q - 18. Let y(r) = -11*r + 54. Let a be (2*6)/(12/8). Let c(g) = a*j(g) + 3*y(g). List the prime factors of c(0).
2, 3
Let g(r) = 5*r**3 + 11*r**2 + 10*r - 2. List the prime factors of g(7).
2, 3, 43
Let l(j) = j**2 - 10*j + 3. Let x be l(10). Let m = x - -17. Let y = m + -6. List the prime factors of y.
2, 7
Suppose -t = -3*d + 17, 4*t + 18 = 2*d - 0*d. Let z(r) = r**3 + 3*r**2 + 2*r + 3. Let u be z(-2). Suppose u*i - 4 = d. List the prime factors of i.
3
Let v(o) = -39*o - 10. Let z(s) = -37*s - 10. Let f(c) = -5*v(c) + 6*z(c). List the prime factors of f(-8).
2, 103
Let m = 1336 - 829. List the prime factors of (m/(-6))/(11/(-22)).
13
Let y = -2 + 7. Let k(m) = m**3 - 5*m**2 + 9*m + 1. Let a(q) = 3*q**3 - 11*q**2 + 19*q + 3. Let l(o) = y*k(o) - 2*a(o). What are the prime factors of l(-5)?
2, 7
Suppose n = -13 + 15. Suppose n*a + 2*z + z + 31 = 0, -a - z = 15. List the prime factors of (-3 - a)*(1 + 1).
2, 11
Suppose 0*t = -5*t + 90. Let a = 11 + t. Let g = a - 13. What are the prime factors of g?
2
Let s be 2/(-11) - 450/(-55). Suppose -s = -2*r - 2. Suppose r = 3*p - 3. List the prime factors of p.
2
Suppose c + 5*w = 1741, 3452 = 2*c - 0*w + 4*w. List the prime factors of c.
2, 3, 11, 13
Let k(z